{"id":3,"date":"2009-03-04T01:18:55","date_gmt":"2009-03-04T00:18:55","guid":{"rendered":"http:\/\/www.natascha-arnold.com\/?page_id=3"},"modified":"2025-12-09T00:18:34","modified_gmt":"2025-12-08T23:18:34","slug":"herzlich-willkommen","status":"publish","type":"page","link":"https:\/\/www.natascha-arnold.com\/","title":{"rendered":"\u00a0Herzlich Willkommen"},"content":{"rendered":"<p><img decoding=\"async\" loading=\"lazy\" src=\"wp-content\/uploads\/gallery\/neu\/n1start.jpg\" alt=\"nat121\" width=\"260\" height=\"291\" align=\"right\" \/><\/p>\n<p style=\"text-align: center;\"><strong>auf meiner Homepage<br \/>\n<\/strong><span style=\"font-size: smaller;\">(aktualisiert am 09.12.2025)<\/span><\/p>\n<p style=\"text-align: center;\">\u00a0Alles Wissenswerte \u00fcber mich und meine gesch\u00e4ftlichen Aktivit\u00e4ten entnehmen Sie den Men\u00fc-Leisten, die teilweise mit verschiedenen Gesangsaufnahmen von mir unterlegt sind.<\/p>\n<p style=\"text-align: center;\"><strong>\u00a0Viel Spass beim Besuch\u00a0\u00a0 <\/strong><strong>meiner Seiten!<\/strong><\/p>\n<p style=\"text-align: center;\">\u00a0<strong><br \/>\n<\/strong><\/p>\n","protected":false},"excerpt":{"rendered":"<p>auf meiner Homepage (aktualisiert am 09.12.2025) \u00a0Alles Wissenswerte \u00fcber mich und meine gesch\u00e4ftlichen Aktivit\u00e4ten entnehmen Sie den Men\u00fc-Leisten, die teilweise mit verschiedenen Gesangsaufnahmen von mir unterlegt sind. \u00a0Viel Spass beim Besuch\u00a0\u00a0 meiner Seiten! \u00a0<\/p>\n","protected":false},"author":1,"featured_media":0,"parent":0,"menu_order":1,"comment_status":"closed","ping_status":"closed","template":"","meta":[],"_links":{"self":[{"href":"https:\/\/www.natascha-arnold.com\/index.php?rest_route=\/wp\/v2\/pages\/3"}],"collection":[{"href":"https:\/\/www.natascha-arnold.com\/index.php?rest_route=\/wp\/v2\/pages"}],"about":[{"href":"https:\/\/www.natascha-arnold.com\/index.php?rest_route=\/wp\/v2\/types\/page"}],"author":[{"embeddable":true,"href":"https:\/\/www.natascha-arnold.com\/index.php?rest_route=\/wp\/v2\/users\/1"}],"replies":[{"embeddable":true,"href":"https:\/\/www.natascha-arnold.com\/index.php?rest_route=%2Fwp%2Fv2%2Fcomments&post=3"}],"version-history":[{"count":5,"href":"https:\/\/www.natascha-arnold.com\/index.php?rest_route=\/wp\/v2\/pages\/3\/revisions"}],"predecessor-version":[{"id":8143,"href":"https:\/\/www.natascha-arnold.com\/index.php?rest_route=\/wp\/v2\/pages\/3\/revisions\/8143"}],"wp:attachment":[{"href":"https:\/\/www.natascha-arnold.com\/index.php?rest_route=%2Fwp%2Fv2%2Fmedia&parent=3"}],"curies":[{"name":"wp","href":"https:\/\/api.w.org\/{rel}","templated":true}]}}